{"id":1172,"date":"2017-01-31T13:24:55","date_gmt":"2017-01-31T12:24:55","guid":{"rendered":"http:\/\/neuro-spine-center.com.w0158a2a.kasserver.com\/nsc\/?page_id=1172"},"modified":"2019-01-08T22:56:03","modified_gmt":"2019-01-08T21:56:03","slug":"gaestebuch-2014","status":"publish","type":"page","link":"https:\/\/www.al-hami.de\/nsc\/gaestebuch-2014\/","title":{"rendered":"G\u00e4stebuch 2014"},"content":{"rendered":"<div id='av-layout-grid-1' class='av-layout-grid-container entry-content-wrapper main_color av-flex-cells    avia-builder-el-0  el_before_av_section  avia-builder-el-first  container_wrap sidebar_right' style=' '  >\n<div class=\"flex_cell no_margin av_one_half  avia-builder-el-1  el_before_av_cell_one_half  avia-builder-el-first   avia-full-stretch av-zero-padding \" style='height:500px; min-height:500px;background:url(https:\/\/www.al-hami.de\/nsc\/wp-content\/uploads\/wissenswertes.jpg) top left no-repeat scroll; vertical-align:middle; padding:0px; background-color:#19839a; '><div class='flex_cell_inner' ><\/div><\/div><div class=\"flex_cell no_margin av_one_half  avia-builder-el-2  el_after_av_cell_one_half  avia-builder-el-last   \" style='height:500px; min-height:500px;vertical-align:middle; padding:80px; background-color:#19839a; '><div class='flex_cell_inner' ><p><div style='padding-bottom:25px; color:#ffffff;font-size:34px;' class='av-special-heading av-special-heading-h3 custom-color-heading blockquote modern-quote  avia-builder-el-3  el_before_av_textblock  avia-builder-el-first   av-inherit-size '><h3 class='av-special-heading-tag '  itemprop=\"headline\"  >G\u00e4stebuch 2014<\/h3><div class='special-heading-border'><div class='special-heading-inner-border' style='border-color:#ffffff'><\/div><\/div><\/div><br \/>\n<section class=\"av_textblock_section \"  itemscope=\"itemscope\" itemtype=\"https:\/\/schema.org\/CreativeWork\" ><div class='avia_textblock  av_inherit_color '  style='color:#ffffff; '  itemprop=\"text\" ><p>Wir bedanken uns bei allen Patienten f\u00fcr das entgegengesetzte Vertrauen. Ihre Gesundheit und Ihr Wohlbefinden ist der wahre Lohn unserer Arbeit.<\/p>\n<\/div><\/section><\/p>\n<\/div><\/div>\n<\/div>\n<div id='av_section_1' class='avia-section main_color avia-section-huge avia-no-border-styling avia-bg-style-scroll  avia-builder-el-5  el_after_av_layout_row  el_before_av_textblock   container_wrap sidebar_right' style=' '  ><div class='container' ><div class='template-page content  av-content-small alpha units'><div class='post-entry post-entry-type-page post-entry-1172'><div class='entry-content-wrapper clearfix'>\n<div class='flex_column_table av-equal-height-column-flextable -flextable' style='margin-top:-200px; margin-bottom:0px; '><div class=\"flex_column av_one_third  no_margin flex_column_table_cell av-equal-height-column av-align-top first  avia-builder-el-6  el_before_av_one_third  avia-builder-el-first  \" style='padding:40px; border-radius:0px; '><\/div><div class=\"flex_column av_one_third  no_margin flex_column_table_cell av-equal-height-column av-align-top   avia-builder-el-7  el_after_av_one_third  el_before_av_one_third  \" style='padding:40px; background-color:#27a1bc; border-radius:0px; '><p><span class=\"av_font_icon avia_animate_when_visible avia-icon-animate  av-icon-style-  avia-icon-pos-center \" style=\"color:#ffffff; border-color:#ffffff;\"><span class='av-icon-char' style='font-size:60px;line-height:60px;' aria-hidden='true' data-av_icon='\ue836' data-av_iconfont='entypo-fontello' ><\/span><\/span><br \/>\n<div style='height:20px' class='hr hr-invisible   avia-builder-el-9  el_after_av_font_icon  el_before_av_textblock '><span class='hr-inner ' ><span class='hr-inner-style'><\/span><\/span><\/div><br \/>\n<section class=\"av_textblock_section \"  itemscope=\"itemscope\" itemtype=\"https:\/\/schema.org\/CreativeWork\" ><div class='avia_textblock  av_inherit_color '  style='color:#ffffff; '  itemprop=\"text\" ><h4 style=\"text-align: center;\">Sie haben das Wort<\/h4>\n<p style=\"text-align: center;\">Haben Sie Anregungen, Vorschl\u00e4ge, W\u00fcnsche, Lob aber auch Kritik, so w\u00fcrden wir uns \u00fcber einen Eintrag in unser G\u00e4stebuch freuen. Nur so haben wir die M\u00f6glichkeit uns stetig, zum Wohle der Patienten, zu verbessern.<\/p>\n<\/div><\/section><\/p><\/div><div class=\"flex_column av_one_third  no_margin flex_column_table_cell av-equal-height-column av-align-top   avia-builder-el-11  el_after_av_one_third  el_before_av_hr  \" style='padding:40px; border-radius:0px; '><\/div><\/div><!--close column table wrapper. Autoclose: 1 --><div style='height:20px' class='hr hr-invisible   avia-builder-el-12  el_after_av_one_third  el_before_av_textblock '><span class='hr-inner ' ><span class='hr-inner-style'><\/span><\/span><\/div>\n<section class=\"av_textblock_section \"  itemscope=\"itemscope\" itemtype=\"https:\/\/schema.org\/CreativeWork\" ><div class='avia_textblock  '   itemprop=\"text\" ><p>Unter folgenden Links finden Sie die G\u00e4steb\u00fccher aus den vergangenen Jahren:<br \/>\n<a href=\"\/nsc\/gaestebuch-2019\/\" target=\"_self\">2019<\/a> |<a href=\"\/nsc\/gaestebuch-2018\/\" target=\"_self\">2018<\/a> | <a href=\"\/nsc\/gaestebuch-2017\/\" target=\"_self\">2017<\/a> | <a href=\"\/nsc\/gaestebuch-2016\/\" target=\"_self\">2016<\/a> | <a href=\"\/nsc\/gaestebuch-2015\/\" target=\"_self\">2015<\/a> | <a href=\"\/nsc\/gaestebuch-2014\/\" target=\"_self\">2014<\/a> | <a href=\"\/nsc\/gaestebuch-2013\/\" target=\"_self\">2013<\/a> | <a href=\"\/nsc\/gaestebuch-2012\/\" target=\"_self\">2012<\/a> | <a href=\"\/nsc\/gaestebuch-2011\/\" target=\"_self\">2011<\/a> | <a href=\"\/nsc\/gaestebuch-2010\/\" target=\"_self\">2010<\/a> | <a href=\"\/nsc\/gaestebuch-2009\/\" target=\"_self\">2009<\/a> | <a href=\"\/nsc\/gaestebuch-2008\/\" target=\"_self\">2008<\/a> | <a href=\"\/nsc\/gaestebuch-2007\/\" target=\"_self\">2007<\/a> | <a href=\"\/nsc\/gaestebuch-2006\/\" target=\"_self\">2006<\/a> | <a href=\"\/nsc\/gaestebuch-2005\/\" target=\"_self\">2005<\/a><\/p>\n<\/div><\/section>\n<div style='height:1px; margin-top:-120px'  class='hr hr-invisible   avia-builder-el-14  el_after_av_textblock  avia-builder-el-last '><span class='hr-inner ' ><span class='hr-inner-style'><\/span><\/span><\/div>\n<\/div><\/div><\/div><!-- close content main div --><\/div><\/div><div id='after_section_1' class='main_color av_default_container_wrap container_wrap sidebar_right' style=' '  ><div class='container' ><div class='template-page content  av-content-small alpha units'><div class='post-entry post-entry-type-page post-entry-1172'><div class='entry-content-wrapper clearfix'><section class=\"av_textblock_section \"  itemscope=\"itemscope\" itemtype=\"https:\/\/schema.org\/CreativeWork\" ><div class='avia_textblock  '   itemprop=\"text\" ><div class=\"gwolle-gb\">\n\t\t\t\t<div class=\"page-navigation\">\n\t\t\t\t\t<span class=\"screen-reader-text\">Guestbook list navigation<\/span><span class=\"page-numbers current\">1<\/span><a href=\"https:\/\/www.al-hami.de\/nsc\/gaestebuch-2014\/?pageNum=2\" title=\"Seite 2\">2<\/a><a href=\"https:\/\/www.al-hami.de\/nsc\/gaestebuch-2014\/?pageNum=3\" title=\"Seite 3\">3<\/a><a href=\"https:\/\/www.al-hami.de\/nsc\/gaestebuch-2014\/?pageNum=4\" title=\"Seite 4\">4<\/a><a href=\"https:\/\/www.al-hami.de\/nsc\/gaestebuch-2014\/?pageNum=5\" title=\"Seite 5\">5<\/a><span class=\"page-numbers dots\">...<\/span><a href=\"https:\/\/www.al-hami.de\/nsc\/gaestebuch-2014\/?pageNum=38\" title=\"Seite 38\">38<\/a><a href=\"https:\/\/www.al-hami.de\/nsc\/gaestebuch-2014\/?pageNum=2\" title=\"N\u00e4chste Seite\" rel=\"next\">&rarr;<\/a><\/div>\n\t\t<div class=\"gwolle-gb-read \" data-book_id=\"10\"><div id=\"gwolle-gb-total\">743 Eintr\u00e4ge<\/div><!-- Gwolle-GB Entry: Custom Template Loaded -->\n\t\t\t\t<div class=\"gb-entry gb-entry_7282 gb-entry-count_1 gwolle_gb_uneven gwolle-gb-uneven gwolle_gb_first gwolle-gb-first\">\n\t\t\t\t\t<div class=\"gb-author-info\">\n\t\t\t\t\t<\/div>\n\t\t\t\t\t<div class=\"gb-entry-content\">&bdquo;Ich habe einen langen Leidensweg und einem Jahr, das ich gerne vergessen w\u00fcrde hinter mir. Sie haben mir geholfen und ich empfehle das Neuro-Spine-Center jederzeit gerne weiter! 2 Wochen nach der Operation gehe ich spazieren und zwar schmerzfrei, ich kann wieder stehen, f\u00fcr mich eine meiner gro\u00dfen Hoffnungen, von denen ich glaubte, sie w\u00fcrde sich nie mehr erf\u00fcllen. Es f\u00fchlt sich alles einfach gut an.<span>&rdquo; - Heide Enders, 29.12.2014<\/span>\n\t\t\t\t\t<\/div>\n\t\t\t<\/div>\n\t\t\t<div class=\"gb-entry gb-entry_7281 gb-entry-count_2 gwolle_gb_even gwolle-gb-even\">\n\t\t\t\t\t<div class=\"gb-author-info\">\n\t\t\t\t\t<\/div>\n\t\t\t\t\t<div class=\"gb-entry-content\">&bdquo;Im Vergleich zu der Unterbringung in anderen Krankenh\u00e4usern war dies bisher die beste Erfahrung, die ich machen konnte. \r\nDas Ambiente tr\u00e4gt zur Entspannung bei und f\u00f6rdert das Wohlbefinden. Selbst im 4- Bettzimmer ist der Aufenthalt Dank individuellen TV\/Radio- Ger\u00e4ten und sogar K\u00fchlschr\u00e4nken angenehm. \r\nNarkose und OP sind bestens verlaufen.<span>&rdquo; - keine Angabe, 18.12.2014<\/span>\n\t\t\t\t\t<\/div>\n\t\t\t<\/div>\n\t\t\t<div class=\"gb-entry gb-entry_7280 gb-entry-count_3 gwolle_gb_uneven gwolle-gb-uneven\">\n\t\t\t\t\t<div class=\"gb-author-info\">\n\t\t\t\t\t<\/div>\n\t\t\t\t\t<div class=\"gb-entry-content\">&bdquo;Nach langer Schmerzperiode von 10 Monaten, war nach der OP so gut wie alles, fast bis auf die \u00fcblichen Wundschmerzen, die normal sind. Allein die Betreuung in der Praxis bei Dr. Eid und danach in der Klinik einfach wunderbar, man merkt wie einem eine gro\u00dfe Last genommen wird. Ich w\u00fcrde jederzeit wieder in diese Einrichtung gehen, falls es noch mal n\u00f6tig w\u00fcrde. Machen sie weiter so.<span>&rdquo; - Schwan, Nicole, 18.12.2014<\/span>\n\t\t\t\t\t<\/div>\n\t\t\t<\/div>\n\t\t\t<div class=\"gb-entry gb-entry_7276 gb-entry-count_4 gwolle_gb_even gwolle-gb-even\">\n\t\t\t\t\t<div class=\"gb-author-info\">\n\t\t\t\t\t<\/div>\n\t\t\t\t\t<div class=\"gb-entry-content\">&bdquo;Habe nur positive Erfahrungen gemacht. \r\nEs ist schon erstaunlich, wie man in Zeiten von hohem Kostendruck durch das Gesundheitssystem und trotz des immensen B\u00fcrokratieaufwands so eine gute qualifizierte Behandlung hinkriegen kann. Das Neuro-Spine-Center von Dr. Al- Hami kann man nur als vorbildlich bezeichnen.<span>&rdquo; - Schwabe, Wolfgang, 17.12.2014<\/span>\n\t\t\t\t\t<\/div>\n\t\t\t<\/div>\n\t\t\t<div class=\"gb-entry gb-entry_7275 gb-entry-count_5 gwolle_gb_uneven gwolle-gb-uneven\">\n\t\t\t\t\t<div class=\"gb-author-info\">\n\t\t\t\t\t<\/div>\n\t\t\t\t\t<div class=\"gb-entry-content\">&bdquo;Ich bedanke mich f\u00fcr die kompetente und sehr nette Betreuung!\r\nDr. Al- Hami hat mir sehr geholfen.\r\nDas Team ist einfach Klasse.<span>&rdquo; - keine Angabe, 17.12.2014<\/span>\n\t\t\t\t\t<\/div>\n\t\t\t<\/div>\n\t\t\t<div class=\"gb-entry gb-entry_7279 gb-entry-count_6 gwolle_gb_even gwolle-gb-even\">\n\t\t\t\t\t<div class=\"gb-author-info\">\n\t\t\t\t\t<\/div>\n\t\t\t\t\t<div class=\"gb-entry-content\">&bdquo;- keine sterile Kliniksituation\r\n- immer pers\u00f6nliche Ansprache\r\n- stets freundliches und hilfsbereites Betreuungspersonal\r\n- gute intensive \u00e4rztliche Beratung<span>&rdquo; - Anonym, 17.12.2014<\/span>\n\t\t\t\t\t<\/div>\n\t\t\t<\/div>\n\t\t\t<div class=\"gb-entry gb-entry_7278 gb-entry-count_7 gwolle_gb_uneven gwolle-gb-uneven\">\n\t\t\t\t\t<div class=\"gb-author-info\">\n\t\t\t\t\t<\/div>\n\t\t\t\t\t<div class=\"gb-entry-content\">&bdquo;Man kann diese Klinik nur weiterempfehlen. \r\nSehr gute Aufnahme, freundliche Zimmer mit Aufenthaltsbereich. Sehr gute Betreuung durch das Personal.<span>&rdquo; - Anonym, 16.12.2014<\/span>\n\t\t\t\t\t<\/div>\n\t\t\t<\/div>\n\t\t\t<div class=\"gb-entry gb-entry_7277 gb-entry-count_8 gwolle_gb_even gwolle-gb-even\">\n\t\t\t\t\t<div class=\"gb-author-info\">\n\t\t\t\t\t<\/div>\n\t\t\t\t\t<div class=\"gb-entry-content\">&bdquo;Es gibt sie doch noch; \u00c4rzte, An\u00e4sthesisten und ein sehr freundliches Team -&#034;welches mich ernst nimmt&#034;-\r\nDanke, Danke\r\n\r\nIch komme wieder- falls es n\u00f6tig wird.<span>&rdquo; - Anonym, 16.12.2014<\/span>\n\t\t\t\t\t<\/div>\n\t\t\t<\/div>\n\t\t\t<div class=\"gb-entry gb-entry_7273 gb-entry-count_9 gwolle_gb_uneven gwolle-gb-uneven\">\n\t\t\t\t\t<div class=\"gb-author-info\">\n\t\t\t\t\t<\/div>\n\t\t\t\t\t<div class=\"gb-entry-content\">&bdquo;Ich war mit allem sehr zufrieden, alles ok.\r\nVon der Aufnahme bis zur Entlassung. \r\nDa k\u00f6nnten sich manche Krankenh\u00e4user eine Scheibe abschneiden.<span>&rdquo; - Ro\u00dfmann, Kerstin, 16.12.2014<\/span>\n\t\t\t\t\t<\/div>\n\t\t\t<\/div>\n\t\t\t<div class=\"gb-entry gb-entry_7283 gb-entry-count_10 gwolle_gb_even gwolle-gb-even\">\n\t\t\t\t\t<div class=\"gb-author-info\">\n\t\t\t\t\t<\/div>\n\t\t\t\t\t<div class=\"gb-entry-content\">&bdquo;Mit der OP und en Operateuren war ich sehr zufrieden. Sie sind menschlich und beantworten jede Frage verst\u00e4ndlich (f\u00fcr ein Laien). Nach der OP habe ich mich wieder \u201elebendig\u201c gef\u00fchlt. Vorher hatte ich keine Kraft und auch kein Lebensmut mehr. Dem OP-Team danke ich. Jederzeit w\u00fcrde ich das Krankenhaus weiter empfehlen. \r\nDanke dem Team<span>&rdquo; - M. Hugo, 14.12.2014<\/span>\n\t\t\t\t\t<\/div>\n\t\t\t<\/div>\n\t\t\t<div class=\"gb-entry gb-entry_7267 gb-entry-count_11 gwolle_gb_uneven gwolle-gb-uneven\">\n\t\t\t\t\t<div class=\"gb-author-info\">\n\t\t\t\t\t<\/div>\n\t\t\t\t\t<div class=\"gb-entry-content\">&bdquo;Von meiner Seite kann man nichts verbessern, ist alles ausgezeichnet!<span>&rdquo; - Anonym, 14.12.2014<\/span>\n\t\t\t\t\t<\/div>\n\t\t\t<\/div>\n\t\t\t<div class=\"gb-entry gb-entry_7266 gb-entry-count_12 gwolle_gb_even gwolle-gb-even\">\n\t\t\t\t\t<div class=\"gb-author-info\">\n\t\t\t\t\t<\/div>\n\t\t\t\t\t<div class=\"gb-entry-content\">&bdquo;Es ist alles toll hier, wie im Luxus. An alle Mitarbeiter und Mitarbeiterinnen, ein gro\u00dfes Lob und lieben gro\u00dfen Dank an alle.<span>&rdquo; - keine Angabe, 14.12.2014<\/span>\n\t\t\t\t\t<\/div>\n\t\t\t<\/div>\n\t\t\t<div class=\"gb-entry gb-entry_7265 gb-entry-count_13 gwolle_gb_uneven gwolle-gb-uneven\">\n\t\t\t\t\t<div class=\"gb-author-info\">\n\t\t\t\t\t<\/div>\n\t\t\t\t\t<div class=\"gb-entry-content\">&bdquo;Der Aufenthalt war wie ein Kurzurlaub, trotz OP. Meine \u00c4ngste wurden schon vor der OP beseitigt. Tolles Team gratulation an alle Mitarbeiter. Die Klinik kann man mit gutem Gewissen weiterempfehlen.<span>&rdquo; - Heerd, Edith, 14.12.2014<\/span>\n\t\t\t\t\t<\/div>\n\t\t\t<\/div>\n\t\t\t<div class=\"gb-entry gb-entry_7264 gb-entry-count_14 gwolle_gb_even gwolle-gb-even\">\n\t\t\t\t\t<div class=\"gb-author-info\">\n\t\t\t\t\t<\/div>\n\t\t\t\t\t<div class=\"gb-entry-content\">&bdquo;Es war wie im Urlaub bei euch, die \u00c4rzte und das ganze Team sind spitze, kann euch nur weiterempfehlen.<span>&rdquo; - Kammel, Sandra, 14.12.2014<\/span>\n\t\t\t\t\t<\/div>\n\t\t\t<\/div>\n\t\t\t<div class=\"gb-entry gb-entry_7272 gb-entry-count_15 gwolle_gb_uneven gwolle-gb-uneven\">\n\t\t\t\t\t<div class=\"gb-author-info\">\n\t\t\t\t\t<\/div>\n\t\t\t\t\t<div class=\"gb-entry-content\">&bdquo;Vielen Dank dem Team des Neuro-Spine-Centers. Ich wurde jetzt zum 2 Mal hier operiert und so von meinen st\u00e4ndigen Schmerzen befreit. \r\nIch habe mich hier nie gef\u00fchlt, als w\u00e4re ich eine Nummer in einer Klinik. Ich war eher ein Hotelgast, der mit all seinen Problemen immer ernst genommen wurde. \r\nIch werde diese Klinik immer weiterempfehlen und bei eigenen Problemen auch immer wieder selbst zur\u00fcckkommen.<span>&rdquo; - Wille, Claudia, 13.12.2014<\/span>\n\t\t\t\t\t<\/div>\n\t\t\t<\/div>\n\t\t\t<div class=\"gb-entry gb-entry_7271 gb-entry-count_16 gwolle_gb_even gwolle-gb-even\">\n\t\t\t\t\t<div class=\"gb-author-info\">\n\t\t\t\t\t<\/div>\n\t\t\t\t\t<div class=\"gb-entry-content\">&bdquo;Tolle Aufnahme, gute Gespr\u00e4che, Gespr\u00e4che versteht man alles, gut organisiert, super so was habe ich lange nicht gehabt. Das wird mein Arzt zu 150%, nach OP gute Versorgung, Erkl\u00e4rungen wie es nach OP weitergeht, man f\u00fchlt sich nicht allein gelassen. Der Flur ist mit Massageliegen ausgestattet. Der Arzt informiert sich pers\u00f6nlich am Tag selbst, bei uns 2x am Tag, erkl\u00e4rt alles verst\u00e4ndlich. Super kann ich nur empfehlen. Man braucht hier keine Angst zu haben.<span>&rdquo; - Leider, Silke, 13.12.2014<\/span>\n\t\t\t\t\t<\/div>\n\t\t\t<\/div>\n\t\t\t<div class=\"gb-entry gb-entry_7270 gb-entry-count_17 gwolle_gb_uneven gwolle-gb-uneven\">\n\t\t\t\t\t<div class=\"gb-author-info\">\n\t\t\t\t\t<\/div>\n\t\t\t\t\t<div class=\"gb-entry-content\">&bdquo;An das gesamte Team von der Praxis bis zur Station usw. \r\nIch m\u00f6chte mich bei allen ganz herzlich bedanken!\r\nBin schon mehrmals operiert worden ( Knie, Karpaltunnel usw.) noch nie war es vor einer Op so gut organisiert und so harmonisch wie hier. Ganz gro\u00dfen Lob an ALLE!\r\nIch m\u00f6chte zwar nicht mehr operiert werden, aber wenn dann komm ich auf jeden Fall wieder hier her!\r\nIch kann guten Gewissens jedem der sich informiert und operiert werden muss nur raten es hier machen zu lassen!<span>&rdquo; - Scholz, Janine, 13.12.2014<\/span>\n\t\t\t\t\t<\/div>\n\t\t\t<\/div>\n\t\t\t<div class=\"gb-entry gb-entry_7274 gb-entry-count_18 gwolle_gb_even gwolle-gb-even\">\n\t\t\t\t\t<div class=\"gb-author-info\">\n\t\t\t\t\t<\/div>\n\t\t\t\t\t<div class=\"gb-entry-content\">&bdquo;Ich bedanke mich von ganzem Herzen f\u00fcr die freundliche Aufnahme, perfekte Behandlung und \u00e4u\u00dferst positive und angenehme Betreuung in Ihrem Neuro-Spine-Center. Ich habe schon viele Krankenhausaufenthalte und OP`s hinter mich bringen m\u00fcssen, bin aber noch nie so optimistisch nach Hause gegangen, wiel ich mich gut aufgehoben gef\u00fchlt habe und mit vielen Tipps f\u00fcr die Zukunft und mein weiteres Leben hier ausgestattet wurde. Selbstverst\u00e4ndlich m\u00f6chte man nicht wieder her, weil man ja gesund bleiben m\u00f6chte, aber sollte dennoch ein erneuter Besuch oder OP notwendig werden, k\u00f6nnen sie versichert sein, dass ich Ihre Klinik wieder aufsuchen werde. Haben Sie vielen Dank!!<span>&rdquo; - Nattrodt, Carmen, 12.12.2014<\/span>\n\t\t\t\t\t<\/div>\n\t\t\t<\/div>\n\t\t\t<div class=\"gb-entry gb-entry_7269 gb-entry-count_19 gwolle_gb_uneven gwolle-gb-uneven\">\n\t\t\t\t\t<div class=\"gb-author-info\">\n\t\t\t\t\t<\/div>\n\t\t\t\t\t<div class=\"gb-entry-content\">&bdquo;War mit allem von Voruntersuchung \u00fcber Aufnahme im Neuro-Spine-Center bis hin zur OP sehr zufrieden, au\u00dfer die Wartezeit im n\u00fcchternen Zustand am Op- Tag war sehr lange. Konnte es aber verkraften!\r\nVielen Dank an das gesamte Team, insbesondere meinem Operateur Dr. Eid, hat mir sehr geholfen, vielen Dank!!<span>&rdquo; - keine Angabe, 12.12.2014<\/span>\n\t\t\t\t\t<\/div>\n\t\t\t<\/div>\n\t\t\t<div class=\"gb-entry gb-entry_7268 gb-entry-count_20 gwolle_gb_even gwolle-gb-even\">\n\t\t\t\t\t<div class=\"gb-author-info\">\n\t\t\t\t\t<\/div>\n\t\t\t\t\t<div class=\"gb-entry-content\">&bdquo;Mir hat alles gut gefallen.<span>&rdquo; - Wettlaufer, Maria, 12.12.2014<\/span>\n\t\t\t\t\t<\/div>\n\t\t\t<\/div>\n\t\t\t<\/div>\n\t\t\t\t<div class=\"page-navigation\">\n\t\t\t\t\t<span class=\"screen-reader-text\">Guestbook list navigation<\/span><span class=\"page-numbers current\">1<\/span><a href=\"https:\/\/www.al-hami.de\/nsc\/gaestebuch-2014\/?pageNum=2\" title=\"Seite 2\">2<\/a><a href=\"https:\/\/www.al-hami.de\/nsc\/gaestebuch-2014\/?pageNum=3\" title=\"Seite 3\">3<\/a><a href=\"https:\/\/www.al-hami.de\/nsc\/gaestebuch-2014\/?pageNum=4\" title=\"Seite 4\">4<\/a><a href=\"https:\/\/www.al-hami.de\/nsc\/gaestebuch-2014\/?pageNum=5\" title=\"Seite 5\">5<\/a><span class=\"page-numbers dots\">...<\/span><a href=\"https:\/\/www.al-hami.de\/nsc\/gaestebuch-2014\/?pageNum=38\" title=\"Seite 38\">38<\/a><a href=\"https:\/\/www.al-hami.de\/nsc\/gaestebuch-2014\/?pageNum=2\" title=\"N\u00e4chste Seite\" rel=\"next\">&rarr;<\/a><\/div>\n\t\t<\/div>\n<\/div><\/section><\/p>\n","protected":false},"excerpt":{"rendered":"","protected":false},"author":8,"featured_media":0,"parent":0,"menu_order":209,"comment_status":"closed","ping_status":"closed","template":"","meta":[],"_links":{"self":[{"href":"https:\/\/www.al-hami.de\/nsc\/wp-json\/wp\/v2\/pages\/1172"}],"collection":[{"href":"https:\/\/www.al-hami.de\/nsc\/wp-json\/wp\/v2\/pages"}],"about":[{"href":"https:\/\/www.al-hami.de\/nsc\/wp-json\/wp\/v2\/types\/page"}],"author":[{"embeddable":true,"href":"https:\/\/www.al-hami.de\/nsc\/wp-json\/wp\/v2\/users\/8"}],"replies":[{"embeddable":true,"href":"https:\/\/www.al-hami.de\/nsc\/wp-json\/wp\/v2\/comments?post=1172"}],"version-history":[{"count":6,"href":"https:\/\/www.al-hami.de\/nsc\/wp-json\/wp\/v2\/pages\/1172\/revisions"}],"predecessor-version":[{"id":2882,"href":"https:\/\/www.al-hami.de\/nsc\/wp-json\/wp\/v2\/pages\/1172\/revisions\/2882"}],"wp:attachment":[{"href":"https:\/\/www.al-hami.de\/nsc\/wp-json\/wp\/v2\/media?parent=1172"}],"curies":[{"name":"wp","href":"https:\/\/api.w.org\/{rel}","templated":true}]}}