{"id":1872,"date":"2017-03-31T15:51:08","date_gmt":"2017-03-31T13:51:08","guid":{"rendered":"http:\/\/www.al-hami.de\/nsc\/?page_id=1872"},"modified":"2023-11-06T12:54:52","modified_gmt":"2023-11-06T11:54:52","slug":"aufnahme-und-mitzubringendes","status":"publish","type":"page","link":"https:\/\/www.al-hami.de\/nsc\/patienteninformationen\/aufnahme-und-mitzubringendes\/","title":{"rendered":"Aufnahme und Mitzubringendes"},"content":{"rendered":"<div id='av-layout-grid-1' class='av-layout-grid-container entry-content-wrapper main_color av-flex-cells    avia-builder-el-0  el_before_av_section  avia-builder-el-first  container_wrap sidebar_right' style=' '  >\n<div class=\"flex_cell no_margin av_one_half  avia-builder-el-1  el_before_av_cell_one_half  avia-builder-el-first   avia-full-stretch av-zero-padding \" style='height:500px; min-height:500px;background:url(https:\/\/www.al-hami.de\/nsc\/wp-content\/uploads\/aufnahme.png) top left no-repeat scroll; vertical-align:middle; padding:0px; background-color:#19839a; '><div class='flex_cell_inner' ><\/div><\/div><div class=\"flex_cell no_margin av_one_half  avia-builder-el-2  el_after_av_cell_one_half  avia-builder-el-last   \" style='height:500px; min-height:500px;vertical-align:middle; padding:80px; background-color:#19839a; '><div class='flex_cell_inner' ><p><div style='padding-bottom:25px; color:#ffffff;font-size:34px;' class='av-special-heading av-special-heading-h3 custom-color-heading blockquote modern-quote  avia-builder-el-3  el_before_av_textblock  avia-builder-el-first   av-inherit-size '><h3 class='av-special-heading-tag '  itemprop=\"headline\"  >Aufnahme<\/h3><div class='special-heading-border'><div class='special-heading-inner-border' style='border-color:#ffffff'><\/div><\/div><\/div><br \/>\n<section class=\"av_textblock_section \"  itemscope=\"itemscope\" itemtype=\"https:\/\/schema.org\/CreativeWork\" ><div class='avia_textblock  av_inherit_color '  style='color:#ffffff; '  itemprop=\"text\" ><p>Als verantwortungsbewusstes Krankenhaus versuchen wir, Ihren Besuch bei uns so angenehm wie m\u00f6glich zu gestalten.<\/p>\n<\/div><\/section><\/p>\n<\/div><\/div>\n<\/div>\n<div id='av_section_1' class='avia-section main_color avia-section-huge avia-no-border-styling avia-bg-style-scroll  avia-builder-el-5  el_after_av_layout_row  avia-builder-el-last   container_wrap sidebar_right' style=' '  ><div class='container' ><div class='template-page content  av-content-small alpha units'><div class='post-entry post-entry-type-page post-entry-1872'><div class='entry-content-wrapper clearfix'>\n<div class='flex_column_table av-equal-height-column-flextable -flextable' style='margin-top:-200px; margin-bottom:0px; '><div class=\"flex_column av_one_third  no_margin flex_column_table_cell av-equal-height-column av-align-top first  avia-builder-el-6  el_before_av_one_third  avia-builder-el-first  \" style='padding:40px; border-radius:0px; '><\/div><div class=\"flex_column av_one_third  no_margin flex_column_table_cell av-equal-height-column av-align-top   avia-builder-el-7  el_after_av_one_third  el_before_av_one_third  \" style='padding:40px; background-color:#27a1bc; border-radius:0px; '><p><span class=\"av_font_icon avia_animate_when_visible avia-icon-animate  av-icon-style-  avia-icon-pos-center \" style=\"color:#ffffff; border-color:#ffffff;\"><span class='av-icon-char' style='font-size:60px;line-height:60px;' aria-hidden='true' data-av_icon='\uf104' data-av_iconfont='medical' ><\/span><\/span><br \/>\n<div style='height:20px' class='hr hr-invisible   avia-builder-el-9  el_after_av_font_icon  el_before_av_textblock '><span class='hr-inner ' ><span class='hr-inner-style'><\/span><\/span><\/div><br \/>\n<section class=\"av_textblock_section \"  itemscope=\"itemscope\" itemtype=\"https:\/\/schema.org\/CreativeWork\" ><div class='avia_textblock  av_inherit_color '  style='color:#ffffff; '  itemprop=\"text\" ><h4 style=\"text-align: center;\">Aufnahme<\/h4>\n<\/div><\/section><\/p><\/div><div class=\"flex_column av_one_third  no_margin flex_column_table_cell av-equal-height-column av-align-top   avia-builder-el-11  el_after_av_one_third  el_before_av_one_full  \" style='padding:40px; border-radius:0px; '><\/div><\/div><!--close column table wrapper. Autoclose: 1 --><div class=\"flex_column av_one_full  av-animated-generic bottom-to-top  flex_column_div av-zero-column-padding first  avia-builder-el-12  el_after_av_one_third  avia-builder-el-last  column-top-margin\" style='border-radius:0px; '><p><div style='padding-bottom:20px; font-size:34px;' class='av-special-heading av-special-heading-h3  blockquote modern-quote  avia-builder-el-13  el_before_av_textblock  avia-builder-el-first   av-inherit-size '><h3 class='av-special-heading-tag '  itemprop=\"headline\"  >Aufnahme<\/h3><div class='special-heading-border'><div class='special-heading-inner-border' ><\/div><\/div><\/div><br \/>\n<section class=\"av_textblock_section \"  itemscope=\"itemscope\" itemtype=\"https:\/\/schema.org\/CreativeWork\" ><div class='avia_textblock  '   itemprop=\"text\" ><p>Ein Krankenhausaufenthalt ist f\u00fcr keinen Patienten eine besonders sch\u00f6ne Angelegenheit. Als verantwortungsbewusstes Krankenhaus versuchen wir, Ihren Besuch bei uns so angenehm wie m\u00f6glich zu gestalten.<\/p>\n<p>Die Aufnahme erfolgt direkt <b>im Obergescho\u00df <\/b>der Klinik. Dieses k\u00f6nnen Sie \u00fcber das Treppenhaus sowie einen Personenaufzug erreichen.<\/p>\n<\/div><\/section><br \/>\n<div style='padding-bottom:20px; font-size:34px;' class='av-special-heading av-special-heading-h3  blockquote modern-quote  avia-builder-el-15  el_after_av_textblock  el_before_av_textblock   av-inherit-size '><h3 class='av-special-heading-tag '  itemprop=\"headline\"  >Mitzubringendes<\/h3><div class='special-heading-border'><div class='special-heading-inner-border' ><\/div><\/div><\/div><br \/>\n<section class=\"av_textblock_section \"  itemscope=\"itemscope\" itemtype=\"https:\/\/schema.org\/CreativeWork\" ><div class='avia_textblock  '   itemprop=\"text\" ><p>Um Ihnen die Vorbereitung auf Ihren station\u00e4ren Aufenthalt in unserer Klinik zu erleichtern, haben wir die wichtigsten Dinge f\u00fcr Sie in einer Merkliste zusammengestellt:<\/p>\n<p><strong>Was m\u00fcssen Sie mitbringen, wenn Sie die Koffer f\u00fcr das Krankenhaus packen?<\/strong><br \/>\nIn dieser Liste finden Sie alles, was Sie im Krankenhaus ben\u00f6tigen k\u00f6nnten. Sie k\u00f6nnen sich die Liste durch anklicken eines der untenstehenden Symbole als PDF- oder Text Dokument downloaden, ausdrucken und die einzelnen Punkte abhaken.<\/p>\n<p><strong>1. Unterlagen f\u00fcr die Aufnahme<\/strong><br \/>\nMitglieds- bzw. Klinik-Karte (Krankenkassen-Scheckkarte) \u00dcberweisung bei Quartalsbeginn vom Hausarzt an den Neurochirurgen<\/p>\n<p><strong>2. Unterlagen f\u00fcr den Arzt<\/strong><br \/>\nEinnahmeplan f\u00fcr Medikamente, Unterlagen des Hausarztes z. B. R\u00f6ntgenaufnahmen Herzschrittmacher-Ausweis Impf-Ausweis, Marcumar-Pa\u00df, Allergie-Pa\u00df, R\u00f6ntgen-Pa\u00df, Pflege\u00fcberleitungsbogen, CT&#8217;s auf Bild oder CD-ROM<\/p>\n<p><strong>3. Wasch- und Toilettenartikel<\/strong><br \/>\nHandt\u00fccher, Waschlappen, Seife, Duschgel, Creme, Zahnb\u00fcrste, Zahnpasta, Zahnbecher, Mundwasser, Zahnprothesen, Prothesenbecher, Reinigungsmittel, F\u00f6n, Shampoo, Kamm, Haarb\u00fcrste, Nagelschere, Nagelfeile, Rasierapparat, Rasierpinsel, Rasierschaum, After Shave, Individuelle Pflegemittel<\/p>\n<p><strong>4. Kleidungsst\u00fccke<\/strong><br \/>\nSchlafanz\u00fcge, Nachthemden, Bademantel, Hausschuhe, &#8220;feste Schuhe&#8221;, evtl. Schuhl\u00f6ffel, Str\u00fcmpfe, Unterw\u00e4sche, Freizeitkleidung (z.B. Jogging-Anzug), Kleidung f\u00fcr die Entlassung<\/p>\n<p><strong>5. Sonstiges<\/strong><br \/>\nBrille,\u00a0H\u00f6rger\u00e4t, Gehstock,\u00a0angepa\u00dfte St\u00fctzstr\u00fcmpfe, Wecker, Zeitschriften, B\u00fccher,\u00a0Schreibutensilien<\/p>\n<\/div><\/section><\/p><\/div><\/div><\/div><\/div><!-- close content main div --><\/div><\/div><div id='after_section_1' class='main_color av_default_container_wrap container_wrap sidebar_right' style=' '  ><div class='container' ><div class='template-page content  av-content-small alpha units'><div class='post-entry post-entry-type-page post-entry-1872'><div class='entry-content-wrapper clearfix'>\n","protected":false},"excerpt":{"rendered":"","protected":false},"author":8,"featured_media":0,"parent":1842,"menu_order":73,"comment_status":"closed","ping_status":"closed","template":"","meta":[],"_links":{"self":[{"href":"https:\/\/www.al-hami.de\/nsc\/wp-json\/wp\/v2\/pages\/1872"}],"collection":[{"href":"https:\/\/www.al-hami.de\/nsc\/wp-json\/wp\/v2\/pages"}],"about":[{"href":"https:\/\/www.al-hami.de\/nsc\/wp-json\/wp\/v2\/types\/page"}],"author":[{"embeddable":true,"href":"https:\/\/www.al-hami.de\/nsc\/wp-json\/wp\/v2\/users\/8"}],"replies":[{"embeddable":true,"href":"https:\/\/www.al-hami.de\/nsc\/wp-json\/wp\/v2\/comments?post=1872"}],"version-history":[{"count":5,"href":"https:\/\/www.al-hami.de\/nsc\/wp-json\/wp\/v2\/pages\/1872\/revisions"}],"predecessor-version":[{"id":6039,"href":"https:\/\/www.al-hami.de\/nsc\/wp-json\/wp\/v2\/pages\/1872\/revisions\/6039"}],"up":[{"embeddable":true,"href":"https:\/\/www.al-hami.de\/nsc\/wp-json\/wp\/v2\/pages\/1842"}],"wp:attachment":[{"href":"https:\/\/www.al-hami.de\/nsc\/wp-json\/wp\/v2\/media?parent=1872"}],"curies":[{"name":"wp","href":"https:\/\/api.w.org\/{rel}","templated":true}]}}